58.
66
Calculate the greatest common divisor of 186 and 2738742.
6
Calculate the greatest common factor of 9987899 and 67009.
593
Calculate the greatest common factor of 387246 and 4986.
1662
Calculate the highest common factor of 13709800 and 15860.
260
Calculate the greatest common factor of 1108303 and 2.
1
What is the highest common divisor of 5546199 and 14178?
51
Calculate the highest common factor of 81719 and 37444.
253
What is the greatest common factor of 5433811 and 2115?
47
What is the highest common factor of 5352 and 560134968?
5352
What is the highest common factor of 2845134 and 58386?
1578
What is the highest common divisor of 77 and 9043132?
7
What is the highest common divisor of 286 and 127444694?
26
Calculate the greatest common divisor of 12770361 and 63.
9
Calculate the highest common factor of 48152 and 99545.
463
What is the highest common divisor of 4193496 and 360?
72
Calculate the greatest common divisor of 17611 and 9056857.
1601
Calculate the greatest common divisor of 107728 and 5256.
8
Calculate the greatest common factor of 1050 and 667352.
14
What is the highest common divisor of 131826375 and 185?
185
Calculate the highest common divisor of 9 and 351516609.
9
What is the highest common divisor of 567048 and 4336?
8
Calculate the greatest common divisor of 777 and 10365726.
21
What is the greatest common factor of 38104 and 51264169?
4763
Calculate the highest common divisor of 557229 and 1869.
267
What is the highest common factor of 1850 and 4393885050?
1850
Calculate the highest common divisor of 335525906 and 12104.
3026
Calculate the greatest common divisor of 467 and 61142909.
467
What is the greatest common factor of 740088 and 5472?
1368
What is the greatest common factor of 248294723 and 87?
29
Calculate the highest common divisor of 114610 and 9547170.
1570
Calculate the highest common divisor of 48690616 and 779.
779
What is the greatest common factor of 516 and 316274804?
172
Calculate the greatest common factor of 1308 and 110382120.
1308
Calculate the greatest common divisor of 135441296 and 23.
23
Calculate the greatest common factor of 7306 and 3817666.
562
Calculate the highest common factor of 1344 and 596913072.
336
What is the greatest common divisor of 50817960 and 6120?
360
Calculate the highest common factor of 56 and 79499098.
14
Calculate the greatest common divisor of 9685 and 3271.
1
What is the highest common factor of 35629 and 2794847?
451
What is the highest common factor of 1477943 and 52718?
613
What is the greatest common factor of 46835334 and 338?
26
Calculate the highest common divisor of 13952 and 556288.
128
What is the greatest common factor of 108 and 6945723?
27
Calculate the highest common divisor of 8559 and 94803605.
317
Calculate the highest common divisor of 181 and 229782939.
181
Calculate the greatest common factor of 66 and 193655.
11
Calculate the greatest common factor of 24338 and 114294.
86
What is the highest common factor of 197633 and 215623?
257
Calculate the highest common factor of 1640 and 2350120.
1640
What is the greatest common factor of 84 and 18718504?
28
Calculate the highest common factor of 16297 and 10949821.
43
Calculate the greatest common factor of 228 and 20740362.
114
What is the greatest common factor of 448490 and 7630?
70
What is the greatest common factor of 3250545756 and 7844?
7844
Calculate the greatest common factor of 3953076 and 12878.
94
What is the greatest common divisor of 1277952 and 936?
312
What is the greatest common factor of 10171 and 216559?
7
What is the greatest common factor of 8237496 and 138?
138
Calculate the highest common factor of 469984 and 338656.
608
What is the highest common factor of 44768 and 116?
4
What is the greatest common divisor of 92594 and 31786?
1382
Calculate the highest common divisor of 53965 and 309985.
1255
What is the greatest common factor of 1740 and 1125?
15
Calculate the highest common factor of 275 and 1103245.
55
Calculate the highest common divisor of 172371819 and 6.
3
Calculate the greatest common divisor of 66 and 13947120.
66
What is the greatest common divisor of 253 and 3658679?
23
What is the greatest common factor of 330720060 and 467?
467
What is the greatest common factor of 42445 and 16726595?
3265
Calculate the highest common divisor of 136757 and 476286.
163
Calculate the greatest common divisor of 43696 and 40601777.
2731
Calculate the greatest common factor of 3298 and 267787706.
3298
Calculate the greatest common divisor of 22730955 and 3315.
3315
Calculate the greatest common factor of 5 and 609735415.
5
What is the greatest common factor of 9440 and 108053780?
1180
Calculate the highest common factor of 40 and 3257368.
8
Calculate the highest common factor of 6981735 and 804.
201
What is the greatest common factor of 594 and 26380233?
99
What is the greatest common divisor of 212868 and 9072?
324
What is the greatest common divisor of 39500 and 7796?
4
Calculate the highest common divisor of 42106 and 177528.
1138
Calculate the highest common divisor of 7187594849 and 17527.
17527
Calculate the greatest common factor of 14897350 and 200.
50
Calculate the greatest common factor of 408 and 9310764.
204
What is the highest common divisor of 836046 and 1440?
18
Calculate the greatest common factor of 7068 and 658692.
228
What is the greatest common divisor of 109575 and 3775?
25
What is the highest common factor of 2450 and 832600?
50
What is the highest common divisor of 233312 and 678592?
736
Calculate the highest common factor of 1501401 and 33.
33
What is the highest common divisor of 193563 and 1315143?
1809
What is the highest common factor of 161961831 and 9?
9
What is the greatest common divisor of 93 and 46107354?
93
What is the highest common divisor of 530259 and 1746?
3
Calculate the greatest common divisor of 2978 and 5245961416.
2978
What is the highest common factor of 180633 and 1026?
57
What is the greatest common factor of 325944916 and 1804?
1804
What is the highest common divisor of 19404 and 11023628?
2156
Calculate the highest common divisor of 716 and 1061254484.
716
What is the highest common divisor of 253207 and 279427?
23
What is the highest common factor of 4872472 and 468248?
1496
What is the greatest common factor of 13310 and 362015060?
1210
Calculate the greatest common factor of 192 and 62056992.
96
Calculate the greatest common factor of 80484943 and 33.
11
Calculate the highest common factor of 420200 and 1896400.
2200
What is the highest common divisor of 2052 and 217931634?
1026
What is the highest common divisor of 672 and 8306148?
12
Calculate the greatest common divisor of 459306 and 3363.
57
Calculate the highest common divisor of 172155 and 3700085.
2495
What is the greatest common factor of 6398 and 29498?
14
Calculate the greatest common divisor of 75949 and 143300.
1433
What is the greatest common factor of 47046335 and 245?
35
Calculate the greatest common divisor of 117266430 and 348.
174
Calculate the greatest common divisor of 25658063 and 5255.
1051
What is the greatest common factor of 454835481 and 12?
3
What is the greatest common divisor of 72787995 and 8397?
2799
Calculate the greatest common factor of 246 and 15346341.
123
Calculate the greatest common factor of 133099 and 638107.
167
Calculate the greatest common factor of 1509237 and 8993.
529
What is the highest common factor of 224982871 and 14691?
4897
What is the greatest common divisor of 4134 and 7722?
78
What is the greatest common divisor of 1697333 and 627?
11
What is the highest common factor of 2 and 7665552?
2
Calculate the greatest common factor of 6366280 and 7200.
40
What is the greatest common factor of 13714448 and 1331?
11
What is the highest common divisor of 393828 and 6660?
444
What is the greatest common divisor of 332575380 and 60?
60
What is the greatest common divisor of 1820 and 1269905?
455
What is the greatest common divisor of 241 and 716653747?
241
What is the highest common factor of 3477 and 2017941?
183
What is the greatest common divisor of 4273328 and 1216?
304
What is the greatest common divisor of 144853255 and 2895?
965
What is the greatest common factor of 6 and 5319123?
3
What is the greatest common factor of 3123